{"id":38,"date":"2024-07-01T16:23:42","date_gmt":"2024-07-01T19:23:42","guid":{"rendered":"https:\/\/guillerminadenevi.com\/web\/?page_id=38"},"modified":"2024-09-09T11:16:23","modified_gmt":"2024-09-09T14:16:23","slug":"inicio","status":"publish","type":"page","link":"https:\/\/guillerminadenevi.com.ar\/web\/","title":{"rendered":"Inicio"},"content":{"rendered":"\n<p><\/p>\n\n\n\n<p><\/p>\n\n\n\n<div class=\"wp-block-media-text has-media-on-the-right is-stacked-on-mobile is-vertically-aligned-top\" style=\"grid-template-columns:auto 46%\"><div class=\"wp-block-media-text__content\">\n<p>\u00a1Hola! Soy Guille. Me gusta el canto en todas sus formas, solista, con otros en ensamble vocal (canto a voces), canto en circulo o circlesinging (improvisaci\u00f3n vocal en grupo), la guitarra, la poes\u00eda y la composici\u00f3n musical. Dicto talleres de canto, ensamble vocal, Circlesinging y creaci\u00f3n musical.<br>Soy autora de un CD de jazz y dos de m\u00fasica original. Durante el a\u00f1o 2021 inici\u00e9 una serie de Experimentos musicales que fui compartiendo en Instagram.<br>Tambi\u00e9n me gusta ir de vacaciones a cualquier paisaje serrano, la cultura oriental, amasar cosas ricas y jugar al tenis!<\/p>\n<\/div><figure class=\"wp-block-media-text__media\"><img fetchpriority=\"high\" decoding=\"async\" width=\"1024\" height=\"768\" src=\"https:\/\/guillerminadenevi.com\/web\/wp-content\/uploads\/2024\/07\/Foto0129-1024x768-1-jpg.webp\" alt=\"\" class=\"wp-image-56 size-full\" srcset=\"https:\/\/guillerminadenevi.com.ar\/web\/wp-content\/uploads\/2024\/07\/Foto0129-1024x768-1-jpg.webp 1024w, https:\/\/guillerminadenevi.com.ar\/web\/wp-content\/uploads\/2024\/07\/Foto0129-1024x768-1-300x225.webp 300w, https:\/\/guillerminadenevi.com.ar\/web\/wp-content\/uploads\/2024\/07\/Foto0129-1024x768-1-768x576.webp 768w\" sizes=\"(max-width: 1024px) 100vw, 1024px\" \/><\/figure><\/div>\n","protected":false},"excerpt":{"rendered":"<p>\u00a1Hola! Soy Guille. Me gusta el canto en todas sus formas, solista, con otros en ensamble vocal (canto a voces), canto en circulo o circlesinging (improvisaci\u00f3n vocal en grupo), la guitarra, la poes\u00eda y la composici\u00f3n musical. Dicto talleres de canto, ensamble vocal, Circlesinging y creaci\u00f3n musical.Soy autora de un CD de jazz y dos [&hellip;]<\/p>\n","protected":false},"author":1,"featured_media":0,"parent":0,"menu_order":4,"comment_status":"closed","ping_status":"closed","template":"","meta":{"_themeisle_gutenberg_block_has_review":false,"footnotes":""},"class_list":["post-38","page","type-page","status-publish","hentry"],"_links":{"self":[{"href":"https:\/\/guillerminadenevi.com.ar\/web\/wp-json\/wp\/v2\/pages\/38","targetHints":{"allow":["GET"]}}],"collection":[{"href":"https:\/\/guillerminadenevi.com.ar\/web\/wp-json\/wp\/v2\/pages"}],"about":[{"href":"https:\/\/guillerminadenevi.com.ar\/web\/wp-json\/wp\/v2\/types\/page"}],"author":[{"embeddable":true,"href":"https:\/\/guillerminadenevi.com.ar\/web\/wp-json\/wp\/v2\/users\/1"}],"replies":[{"embeddable":true,"href":"https:\/\/guillerminadenevi.com.ar\/web\/wp-json\/wp\/v2\/comments?post=38"}],"version-history":[{"count":0,"href":"https:\/\/guillerminadenevi.com.ar\/web\/wp-json\/wp\/v2\/pages\/38\/revisions"}],"wp:attachment":[{"href":"https:\/\/guillerminadenevi.com.ar\/web\/wp-json\/wp\/v2\/media?parent=38"}],"curies":[{"name":"wp","href":"https:\/\/api.w.org\/{rel}","templated":true}]}}